{"id":2034,"date":"2024-12-19T15:35:41","date_gmt":"2024-12-19T15:35:41","guid":{"rendered":"https:\/\/mayanlanguagepreservation.org\/pulsa\/"},"modified":"2025-06-06T15:40:10","modified_gmt":"2025-06-06T15:40:10","slug":"pulsa","status":"publish","type":"page","link":"https:\/\/mayanlanguagespreservation.org\/es\/pulsa\/","title":{"rendered":"Prensa"},"content":{"rendered":"\t\t<div data-elementor-type=\"wp-page\" data-elementor-id=\"2034\" class=\"elementor elementor-2034 elementor-2021\" data-elementor-post-type=\"page\">\n\t\t\t\t<div class=\"elementor-element elementor-element-b214156 e-flex e-con-boxed e-con e-parent\" data-id=\"b214156\" data-element_type=\"container\" data-e-type=\"container\">\n\t\t\t\t\t<div class=\"e-con-inner\">\n\t\t\t\t<div class=\"elementor-element elementor-element-07a3c7c elementor-widget elementor-widget-heading\" data-id=\"07a3c7c\" data-element_type=\"widget\" data-e-type=\"widget\" data-widget_type=\"heading.default\">\n\t\t\t\t<div class=\"elementor-widget-container\">\n\t\t\t\t\t<h1 class=\"elementor-heading-title elementor-size-default\">En las noticias<\/h1>\t\t\t\t<\/div>\n\t\t\t\t<\/div>\n\t\t\t\t<div class=\"elementor-element elementor-element-25c53a1 elementor-grid-3 elementor-grid-tablet-2 elementor-grid-mobile-1 elementor-posts--thumbnail-top elementor-card-shadow-yes elementor-posts__hover-gradient elementor-widget elementor-widget-posts\" data-id=\"25c53a1\" data-element_type=\"widget\" data-e-type=\"widget\" data-settings=\"{&quot;cards_columns&quot;:&quot;3&quot;,&quot;cards_columns_tablet&quot;:&quot;2&quot;,&quot;cards_columns_mobile&quot;:&quot;1&quot;,&quot;cards_row_gap&quot;:{&quot;unit&quot;:&quot;px&quot;,&quot;size&quot;:35,&quot;sizes&quot;:[]},&quot;cards_row_gap_tablet&quot;:{&quot;unit&quot;:&quot;px&quot;,&quot;size&quot;:&quot;&quot;,&quot;sizes&quot;:[]},&quot;cards_row_gap_mobile&quot;:{&quot;unit&quot;:&quot;px&quot;,&quot;size&quot;:&quot;&quot;,&quot;sizes&quot;:[]}}\" data-widget_type=\"posts.cards\">\n\t\t\t\t<div class=\"elementor-widget-container\">\n\t\t\t\t\t\t\t<div class=\"elementor-posts-container elementor-posts elementor-posts--skin-cards elementor-grid\" role=\"list\">\n\t\t\t\t<article class=\"elementor-post elementor-grid-item post-4142 press type-press status-publish has-post-thumbnail hentry\" role=\"listitem\">\n\t\t\t<div class=\"elementor-post__card\">\n\t\t\t\t<a class=\"elementor-post__thumbnail__link\" href=\"https:\/\/mayanlanguagespreservation.org\/es\/pulsa\/libros-y-cantos-en-idiomas-mayas-buscan-proteger-las-lenguas-amenazadas-en-guatemala\/\" tabindex=\"-1\" ><div class=\"elementor-post__thumbnail\"><img fetchpriority=\"high\" decoding=\"async\" width=\"300\" height=\"169\" src=\"https:\/\/mayanlanguagespreservation.org\/wp-content\/uploads\/2026\/02\/WhatsApp-Image-2026-02-23-at-15.17.51-300x169.jpeg\" class=\"attachment-medium size-medium wp-image-4126\" alt=\"\" srcset=\"https:\/\/mayanlanguagespreservation.org\/wp-content\/uploads\/2026\/02\/WhatsApp-Image-2026-02-23-at-15.17.51-300x169.jpeg 300w, https:\/\/mayanlanguagespreservation.org\/wp-content\/uploads\/2026\/02\/WhatsApp-Image-2026-02-23-at-15.17.51-1024x576.jpeg 1024w, https:\/\/mayanlanguagespreservation.org\/wp-content\/uploads\/2026\/02\/WhatsApp-Image-2026-02-23-at-15.17.51-768x432.jpeg 768w, https:\/\/mayanlanguagespreservation.org\/wp-content\/uploads\/2026\/02\/WhatsApp-Image-2026-02-23-at-15.17.51-1536x864.jpeg 1536w, https:\/\/mayanlanguagespreservation.org\/wp-content\/uploads\/2026\/02\/WhatsApp-Image-2026-02-23-at-15.17.51-2048x1152.jpeg 2048w\" sizes=\"(max-width: 300px) 100vw, 300px\" \/><\/div><\/a>\n\t\t\t\t<div class=\"elementor-post__text\">\n\t\t\t\t<h3 class=\"elementor-post__title\">\n\t\t\t<a href=\"https:\/\/mayanlanguagespreservation.org\/es\/pulsa\/libros-y-cantos-en-idiomas-mayas-buscan-proteger-las-lenguas-amenazadas-en-guatemala\/\" >\n\t\t\t\tLibros y cantos en idiomas mayas buscan proteger las lenguas amenazadas en Guatemala\t\t\t<\/a>\n\t\t<\/h3>\n\t\t\n\t\t<a class=\"elementor-post__read-more\" href=\"https:\/\/mayanlanguagespreservation.org\/es\/pulsa\/libros-y-cantos-en-idiomas-mayas-buscan-proteger-las-lenguas-amenazadas-en-guatemala\/\" aria-label=\"M\u00e1s informaci\u00f3n sobre Libros y cantos en idiomas mayas buscan proteger las lenguas amenazadas en Guatemala\" tabindex=\"-1\" >\n\t\t\tSigue leyendo\t\t<\/a>\n\n\t\t\t\t<\/div>\n\t\t\t\t<div class=\"elementor-post__meta-data\">\n\t\t\t\t\t<span class=\"elementor-post-date\">\n\t\t\t6 de marzo de 2026\t\t<\/span>\n\t\t\t\t<\/div>\n\t\t\t\t\t<\/div>\n\t\t<\/article>\n\t\t\t\t<article class=\"elementor-post elementor-grid-item post-4128 press type-press status-publish has-post-thumbnail hentry\" role=\"listitem\">\n\t\t\t<div class=\"elementor-post__card\">\n\t\t\t\t<a class=\"elementor-post__thumbnail__link\" href=\"https:\/\/mayanlanguagespreservation.org\/es\/pulsa\/lo-que-nos-hace-humanos-un-libro-infantil-para-hablar-de-la-lengua-materna\/\" tabindex=\"-1\" ><div class=\"elementor-post__thumbnail\"><img decoding=\"async\" width=\"300\" height=\"167\" src=\"https:\/\/mayanlanguagespreservation.org\/wp-content\/uploads\/2026\/03\/WhatsApp-Image-2026-02-23-at-15.12.12-300x167.jpeg\" class=\"attachment-medium size-medium wp-image-4129\" alt=\"\" srcset=\"https:\/\/mayanlanguagespreservation.org\/wp-content\/uploads\/2026\/03\/WhatsApp-Image-2026-02-23-at-15.12.12-300x167.jpeg 300w, https:\/\/mayanlanguagespreservation.org\/wp-content\/uploads\/2026\/03\/WhatsApp-Image-2026-02-23-at-15.12.12-1024x568.jpeg 1024w, https:\/\/mayanlanguagespreservation.org\/wp-content\/uploads\/2026\/03\/WhatsApp-Image-2026-02-23-at-15.12.12-768x426.jpeg 768w, https:\/\/mayanlanguagespreservation.org\/wp-content\/uploads\/2026\/03\/WhatsApp-Image-2026-02-23-at-15.12.12-1536x852.jpeg 1536w, https:\/\/mayanlanguagespreservation.org\/wp-content\/uploads\/2026\/03\/WhatsApp-Image-2026-02-23-at-15.12.12.jpeg 1600w\" sizes=\"(max-width: 300px) 100vw, 300px\" \/><\/div><\/a>\n\t\t\t\t<div class=\"elementor-post__text\">\n\t\t\t\t<h3 class=\"elementor-post__title\">\n\t\t\t<a href=\"https:\/\/mayanlanguagespreservation.org\/es\/pulsa\/lo-que-nos-hace-humanos-un-libro-infantil-para-hablar-de-la-lengua-materna\/\" >\n\t\t\t\tLo que nos hace humanos: un libro infantil para hablar de la lengua materna\t\t\t<\/a>\n\t\t<\/h3>\n\t\t\n\t\t<a class=\"elementor-post__read-more\" href=\"https:\/\/mayanlanguagespreservation.org\/es\/pulsa\/lo-que-nos-hace-humanos-un-libro-infantil-para-hablar-de-la-lengua-materna\/\" aria-label=\"M\u00e1s informaci\u00f3n sobre Lo que nos hace humanos: un libro infantil para hablar de la lengua materna\" tabindex=\"-1\" >\n\t\t\tSigue leyendo\t\t<\/a>\n\n\t\t\t\t<\/div>\n\t\t\t\t<div class=\"elementor-post__meta-data\">\n\t\t\t\t\t<span class=\"elementor-post-date\">\n\t\t\t6 de marzo de 2026\t\t<\/span>\n\t\t\t\t<\/div>\n\t\t\t\t\t<\/div>\n\t\t<\/article>\n\t\t\t\t<article class=\"elementor-post elementor-grid-item post-2641 press type-press status-publish has-post-thumbnail hentry\" role=\"listitem\">\n\t\t\t<div class=\"elementor-post__card\">\n\t\t\t\t<a class=\"elementor-post__thumbnail__link\" href=\"https:\/\/mayanlanguagespreservation.org\/es\/pulsa\/baldomero-cuma-chavez-habla-en-kaqchikel\/\" tabindex=\"-1\" ><div class=\"elementor-post__thumbnail\"><img decoding=\"async\" width=\"300\" height=\"200\" src=\"https:\/\/mayanlanguagespreservation.org\/wp-content\/uploads\/2025\/02\/4660ceb70a8a45f4c3c3f768b836-300x200.jpg\" class=\"attachment-medium size-medium wp-image-2640\" alt=\"\" srcset=\"https:\/\/mayanlanguagespreservation.org\/wp-content\/uploads\/2025\/02\/4660ceb70a8a45f4c3c3f768b836-300x200.jpg 300w, https:\/\/mayanlanguagespreservation.org\/wp-content\/uploads\/2025\/02\/4660ceb70a8a45f4c3c3f768b836-1024x683.jpg 1024w, https:\/\/mayanlanguagespreservation.org\/wp-content\/uploads\/2025\/02\/4660ceb70a8a45f4c3c3f768b836-768x512.jpg 768w, https:\/\/mayanlanguagespreservation.org\/wp-content\/uploads\/2025\/02\/4660ceb70a8a45f4c3c3f768b836-1536x1024.jpg 1536w, https:\/\/mayanlanguagespreservation.org\/wp-content\/uploads\/2025\/02\/4660ceb70a8a45f4c3c3f768b836.jpg 1960w\" sizes=\"(max-width: 300px) 100vw, 300px\" \/><\/div><\/a>\n\t\t\t\t<div class=\"elementor-post__badge\">Sin categorizar<\/div>\n\t\t\t\t<div class=\"elementor-post__text\">\n\t\t\t\t<h3 class=\"elementor-post__title\">\n\t\t\t<a href=\"https:\/\/mayanlanguagespreservation.org\/es\/pulsa\/baldomero-cuma-chavez-habla-en-kaqchikel\/\" >\n\t\t\t\tPor primera vez en la historia: Baldomero Cuma Ch\u00e1vez habla en kaqchikel ante la UNESCO\t\t\t<\/a>\n\t\t<\/h3>\n\t\t\n\t\t<a class=\"elementor-post__read-more\" href=\"https:\/\/mayanlanguagespreservation.org\/es\/pulsa\/baldomero-cuma-chavez-habla-en-kaqchikel\/\" aria-label=\"M\u00e1s informaci\u00f3n sobre Por primera vez en la historia: Baldomero Cuma Ch\u00e1vez habla en kaqchikel ante la UNESCO\" tabindex=\"-1\" >\n\t\t\tSigue leyendo\t\t<\/a>\n\n\t\t\t\t<\/div>\n\t\t\t\t<div class=\"elementor-post__meta-data\">\n\t\t\t\t\t<span class=\"elementor-post-date\">\n\t\t\t26 de febrero de 2025\t\t<\/span>\n\t\t\t\t<\/div>\n\t\t\t\t\t<\/div>\n\t\t<\/article>\n\t\t\t\t<\/div>\n\t\t\n\t\t\t\t\t\t<\/div>\n\t\t\t\t<\/div>\n\t\t\t\t\t<\/div>\n\t\t\t\t<\/div>\n\t\t\t\t<\/div>\n\t\t","protected":false},"excerpt":{"rendered":"<p>En las noticias<\/p>\n","protected":false},"author":1,"featured_media":0,"parent":0,"menu_order":0,"comment_status":"closed","ping_status":"closed","template":"","meta":{"_acf_changed":false,"footnotes":""},"class_list":["post-2034","page","type-page","status-publish","hentry"],"acf":[],"_links":{"self":[{"href":"https:\/\/mayanlanguagespreservation.org\/es\/wp-json\/wp\/v2\/pages\/2034","targetHints":{"allow":["GET"]}}],"collection":[{"href":"https:\/\/mayanlanguagespreservation.org\/es\/wp-json\/wp\/v2\/pages"}],"about":[{"href":"https:\/\/mayanlanguagespreservation.org\/es\/wp-json\/wp\/v2\/types\/page"}],"author":[{"embeddable":true,"href":"https:\/\/mayanlanguagespreservation.org\/es\/wp-json\/wp\/v2\/users\/1"}],"replies":[{"embeddable":true,"href":"https:\/\/mayanlanguagespreservation.org\/es\/wp-json\/wp\/v2\/comments?post=2034"}],"version-history":[{"count":3,"href":"https:\/\/mayanlanguagespreservation.org\/es\/wp-json\/wp\/v2\/pages\/2034\/revisions"}],"predecessor-version":[{"id":3147,"href":"https:\/\/mayanlanguagespreservation.org\/es\/wp-json\/wp\/v2\/pages\/2034\/revisions\/3147"}],"wp:attachment":[{"href":"https:\/\/mayanlanguagespreservation.org\/es\/wp-json\/wp\/v2\/media?parent=2034"}],"curies":[{"name":"wp","href":"https:\/\/api.w.org\/{rel}","templated":true}]}}

<div data-elementor-type="wp-page" data-elementor-id="2034" class="elementor elementor-2034 elementor-2021" data-elementor-post-type="page">
				<div class="elementor-element elementor-element-b214156 e-flex e-con-boxed e-con e-parent" data-id="b214156" data-element_type="container" data-e-type="container">
					<div class="e-con-inner">
				<div class="elementor-element elementor-element-07a3c7c elementor-widget elementor-widget-heading" data-id="07a3c7c" data-element_type="widget" data-e-type="widget" data-widget_type="heading.default">
				<div class="elementor-widget-container">
					<h1 class="elementor-heading-title elementor-size-default">En las noticias</h1>				</div>
				</div>
				<div class="elementor-element elementor-element-25c53a1 elementor-grid-3 elementor-grid-tablet-2 elementor-grid-mobile-1 elementor-posts--thumbnail-top elementor-card-shadow-yes elementor-posts__hover-gradient elementor-widget elementor-widget-posts" data-id="25c53a1" data-element_type="widget" data-e-type="widget" data-settings="{&quot;cards_columns&quot;:&quot;3&quot;,&quot;cards_columns_tablet&quot;:&quot;2&quot;,&quot;cards_columns_mobile&quot;:&quot;1&quot;,&quot;cards_row_gap&quot;:{&quot;unit&quot;:&quot;px&quot;,&quot;size&quot;:35,&quot;sizes&quot;:[]},&quot;cards_row_gap_tablet&quot;:{&quot;unit&quot;:&quot;px&quot;,&quot;size&quot;:&quot;&quot;,&quot;sizes&quot;:[]},&quot;cards_row_gap_mobile&quot;:{&quot;unit&quot;:&quot;px&quot;,&quot;size&quot;:&quot;&quot;,&quot;sizes&quot;:[]}}" data-widget_type="posts.cards">
				<div class="elementor-widget-container">
							<div class="elementor-posts-container elementor-posts elementor-posts--skin-cards elementor-grid" role="list">
				<article class="elementor-post elementor-grid-item post-4142 press type-press status-publish has-post-thumbnail hentry" role="listitem">
			<div class="elementor-post__card">
				<a class="elementor-post__thumbnail__link" href="https://mayanlanguagespreservation.org/es/pulsa/libros-y-cantos-en-idiomas-mayas-buscan-proteger-las-lenguas-amenazadas-en-guatemala/" tabindex="-1" ><div class="elementor-post__thumbnail"><img fetchpriority="high" decoding="async" width="300" height="169" src="https://mayanlanguagespreservation.org/wp-content/uploads/2026/02/WhatsApp-Image-2026-02-23-at-15.17.51-300x169.jpeg" class="attachment-medium size-medium wp-image-4126" alt="" srcset="https://mayanlanguagespreservation.org/wp-content/uploads/2026/02/WhatsApp-Image-2026-02-23-at-15.17.51-300x169.jpeg 300w, https://mayanlanguagespreservation.org/wp-content/uploads/2026/02/WhatsApp-Image-2026-02-23-at-15.17.51-1024x576.jpeg 1024w, https://mayanlanguagespreservation.org/wp-content/uploads/2026/02/WhatsApp-Image-2026-02-23-at-15.17.51-768x432.jpeg 768w, https://mayanlanguagespreservation.org/wp-content/uploads/2026/02/WhatsApp-Image-2026-02-23-at-15.17.51-1536x864.jpeg 1536w, https://mayanlanguagespreservation.org/wp-content/uploads/2026/02/WhatsApp-Image-2026-02-23-at-15.17.51-2048x1152.jpeg 2048w" sizes="(max-width: 300px) 100vw, 300px" /></div></a>
				<div class="elementor-post__text">
				<h3 class="elementor-post__title">
			<a href="https://mayanlanguagespreservation.org/es/pulsa/libros-y-cantos-en-idiomas-mayas-buscan-proteger-las-lenguas-amenazadas-en-guatemala/" >
				Libros y cantos en idiomas mayas buscan proteger las lenguas amenazadas en Guatemala			</a>
		</h3>
		
		<a class="elementor-post__read-more" href="https://mayanlanguagespreservation.org/es/pulsa/libros-y-cantos-en-idiomas-mayas-buscan-proteger-las-lenguas-amenazadas-en-guatemala/" aria-label="Más información sobre Libros y cantos en idiomas mayas buscan proteger las lenguas amenazadas en Guatemala" tabindex="-1" >
			Sigue leyendo		</a>

				</div>
				<div class="elementor-post__meta-data">
					<span class="elementor-post-date">
			6 de marzo de 2026		</span>
				</div>
					</div>
		</article>
				<article class="elementor-post elementor-grid-item post-4128 press type-press status-publish has-post-thumbnail hentry" role="listitem">
			<div class="elementor-post__card">
				<a class="elementor-post__thumbnail__link" href="https://mayanlanguagespreservation.org/es/pulsa/lo-que-nos-hace-humanos-un-libro-infantil-para-hablar-de-la-lengua-materna/" tabindex="-1" ><div class="elementor-post__thumbnail"><img decoding="async" width="300" height="167" src="https://mayanlanguagespreservation.org/wp-content/uploads/2026/03/WhatsApp-Image-2026-02-23-at-15.12.12-300x167.jpeg" class="attachment-medium size-medium wp-image-4129" alt="" srcset="https://mayanlanguagespreservation.org/wp-content/uploads/2026/03/WhatsApp-Image-2026-02-23-at-15.12.12-300x167.jpeg 300w, https://mayanlanguagespreservation.org/wp-content/uploads/2026/03/WhatsApp-Image-2026-02-23-at-15.12.12-1024x568.jpeg 1024w, https://mayanlanguagespreservation.org/wp-content/uploads/2026/03/WhatsApp-Image-2026-02-23-at-15.12.12-768x426.jpeg 768w, https://mayanlanguagespreservation.org/wp-content/uploads/2026/03/WhatsApp-Image-2026-02-23-at-15.12.12-1536x852.jpeg 1536w, https://mayanlanguagespreservation.org/wp-content/uploads/2026/03/WhatsApp-Image-2026-02-23-at-15.12.12.jpeg 1600w" sizes="(max-width: 300px) 100vw, 300px" /></div></a>
				<div class="elementor-post__text">
				<h3 class="elementor-post__title">
			<a href="https://mayanlanguagespreservation.org/es/pulsa/lo-que-nos-hace-humanos-un-libro-infantil-para-hablar-de-la-lengua-materna/" >
				Lo que nos hace humanos: un libro infantil para hablar de la lengua materna			</a>
		</h3>
		
		<a class="elementor-post__read-more" href="https://mayanlanguagespreservation.org/es/pulsa/lo-que-nos-hace-humanos-un-libro-infantil-para-hablar-de-la-lengua-materna/" aria-label="Más información sobre Lo que nos hace humanos: un libro infantil para hablar de la lengua materna" tabindex="-1" >
			Sigue leyendo		</a>

				</div>
				<div class="elementor-post__meta-data">
					<span class="elementor-post-date">
			6 de marzo de 2026		</span>
				</div>
					</div>
		</article>
				<article class="elementor-post elementor-grid-item post-2641 press type-press status-publish has-post-thumbnail hentry" role="listitem">
			<div class="elementor-post__card">
				<a class="elementor-post__thumbnail__link" href="https://mayanlanguagespreservation.org/es/pulsa/baldomero-cuma-chavez-habla-en-kaqchikel/" tabindex="-1" ><div class="elementor-post__thumbnail"><img decoding="async" width="300" height="200" src="https://mayanlanguagespreservation.org/wp-content/uploads/2025/02/4660ceb70a8a45f4c3c3f768b836-300x200.jpg" class="attachment-medium size-medium wp-image-2640" alt="" srcset="https://mayanlanguagespreservation.org/wp-content/uploads/2025/02/4660ceb70a8a45f4c3c3f768b836-300x200.jpg 300w, https://mayanlanguagespreservation.org/wp-content/uploads/2025/02/4660ceb70a8a45f4c3c3f768b836-1024x683.jpg 1024w, https://mayanlanguagespreservation.org/wp-content/uploads/2025/02/4660ceb70a8a45f4c3c3f768b836-768x512.jpg 768w, https://mayanlanguagespreservation.org/wp-content/uploads/2025/02/4660ceb70a8a45f4c3c3f768b836-1536x1024.jpg 1536w, https://mayanlanguagespreservation.org/wp-content/uploads/2025/02/4660ceb70a8a45f4c3c3f768b836.jpg 1960w" sizes="(max-width: 300px) 100vw, 300px" /></div></a>
				<div class="elementor-post__badge">Sin categorizar</div>
				<div class="elementor-post__text">
				<h3 class="elementor-post__title">
			<a href="https://mayanlanguagespreservation.org/es/pulsa/baldomero-cuma-chavez-habla-en-kaqchikel/" >
				Por primera vez en la historia: Baldomero Cuma Chávez habla en kaqchikel ante la UNESCO			</a>
		</h3>
		
		<a class="elementor-post__read-more" href="https://mayanlanguagespreservation.org/es/pulsa/baldomero-cuma-chavez-habla-en-kaqchikel/" aria-label="Más información sobre Por primera vez en la historia: Baldomero Cuma Chávez habla en kaqchikel ante la UNESCO" tabindex="-1" >
			Sigue leyendo		</a>

				</div>
				<div class="elementor-post__meta-data">
					<span class="elementor-post-date">
			26 de febrero de 2025		</span>
				</div>
					</div>
		</article>
				</div>
		
						</div>
				</div>
					</div>
				</div>
				</div>
